tors of f.
79
Let t = 1180 - 457. What are the prime factors of t?
3, 241
Let c = -15 - -28. Let z = -10 + c. Suppose -62 = -z*a - 17. List the prime factors of a.
3, 5
Let b(o) = 4*o**3 - 21*o**2 - 11*o + 7. List the prime factors of b(8).
7, 89
Suppose i - 87 = -2*q, 4*q + 4*i = -103 + 275. Let h = q - 20. Suppose 13*k - 9*k - h = 0. What are the prime factors of k?
2, 3
Let q = -2630 - -4125. What are the prime factors of q?
5, 13, 23
Let r(h) = 2*h + 12. Let w = -13 - -16. Suppose -7*n + w*n + 20 = 0. List the prime factors of r(n).
2, 11
Let p = -1 - -2. Let l = 29 + p. Let q = 53 - l. List the prime factors of q.
23
Suppose 44 = -4*j + 8*j. Suppose 4*v + c - 45 = 0, -j = 5*c - 36. Let g = v + 13. List the prime factors of g.
23
Let k = -7 - -21. List the prime factors of 4/k - 8888/(-56).
3, 53
Let m = -18 + 22. Suppose -4*a - m*a + 1648 = 0. What are the prime factors of a?
2, 103
What are the prime factors of ((-1)/1)/(((-36)/(-357))/(-12))?
7, 17
Let r(b) = b**3 - 3*b**2 - 18*b + 1. List the prime factors of r(9).
5, 13
List the prime factors of (-42 - -41)/((-2)/2554).
1277
Let w(v) = v**3 + 17*v**2 - v - 16. Let n be w(-17). List the prime factors of ((-4)/(-8))/(n - 63/66).
11
Let w(n) = 3*n**3 + 176*n**2 - 64*n + 72. List the prime factors of w(-59).
367
Let a = 38 + -2. What are the prime factors of a + 5/(-25) + 12/10?
37
Let d(f) = f**3 - 10*f**2 + 9*f - 9. Let l be d(9). What are the prime factors of (l/(-5))/((-3)/(-30))?
2, 3
Suppose -b - 90*b = -514696. List the prime factors of b.
2, 7, 101
Let p be (35/10)/((-1)/14). Let a = p - -245. What are the prime factors of a?
2, 7
Let p = -22 + 25. Suppose -j + r = 2*r - 195, 4*j = -p*r + 777. What are the prime factors of j?
2, 3
Let w(q) = -40*q**2 + 3*q + 2. Let s(h) = -20*h**2 + 2*h + 1. Let g(r) = -5*s(r) + 3*w(r). Let a be g(5). List the prime factors of 8/(-6)*a/16.
2, 3, 7
Suppose 4*q = -11 - 13. List the prime factors of (-1293)/q + (-2)/4.
5, 43
What are the prime factors of 4288/12*(-3 - -6)?
2, 67
Suppose -5*g = 4*q - 425, -47 = -q + 4*g + 33. Let v = 162 - q. List the prime factors of v.
2, 31
Let j = -23 + 33. Let o(l) be the third derivative of -l**5/60 + 13*l**4/24 - 4*l**3/3 + 20*l**2 - 2. What are the prime factors of o(j)?
2, 11
Let j = -214 + 286. What are the prime factors of j?
2, 3
Let t = -205 - -106. Let p = 170 + t. What are the prime factors of p?
71
List the prime factors of 0/((-49)/7) + (-2 - -1328).
2, 3, 13, 17
Suppose -2*x = 19*o - 18*o - 845, 2*o - 1693 = -x. List the prime factors of o.
7, 11
List the prime factors of (-11)/(176/(-120))*784/1.
2, 3, 5, 7
Suppose 7*i + 4674 = 9*i. What are the prime factors of i?
3, 19, 41
Let g(j) = j**3 + 4*j**2 + 2*j + 1. Let b be g(-3). List the prime factors of 321/5 - b/(-5).
5, 13
Suppose -4*p + 274 = 2. Let a = p + 84. List the prime factors of a.
2, 19
Suppose -4*k = -0*k - 112. Suppose -2*s + 5*s = -4*m + k, -2*s = m - 22. List the prime factors of s.
2, 3
Suppose -k + 5972 = 4*b, 2*b - k - 3377 = -385. List the prime factors of b.
2, 3, 83
Let v(t) = t**3 + 10*t**2 + 3*t - 4. Let d be v(-10). Let q = 36 + d. List the prime factors of q.
2
Let j(t) = t**2 - 17*t + 23. Let m be j(21). What are the prime factors of (7 + m)*(-2)/(-3)?
2, 19
Let f(m) = 2*m**2 + 5 + 2*m**2 + m - 3*m**2 - 12*m. What are the prime factors of f(15)?
5, 13
Suppose -3*a + 1133 = -2*b - 2155, 2*b = -2*a + 2182. What are the prime factors of a?
2, 547
Let o(i) be the first derivative of i**4/4 + 8*i**3/3 + 3*i**2 - 3*i + 4. Let k be o(-7). Suppose -k*x + 2 = -118. What are the prime factors of x?
2, 3, 5
Suppose 2*x = 119 + 33. Suppose -x = -i + 59. List the prime factors of i.
3, 5
Suppose 13 = 3*l + 1. Suppose -l*m = -3*m - 2. Suppose r = -0*r, m*q - 100 = 2*r. What are the prime factors of q?
2, 5
Let h = -28 - -5. Let m = h + 68. What are the prime factors of m?
3, 5
Suppose -28598 = -21*c + 61912. What are the prime factors of c?
2, 5, 431
Suppose 16 = 32*q - 28*q. Suppose 155 = 4*j + 3*h, -2*h + 40 = j - 0*h. List the prime factors of (q - 3)*(-2 + j).
2, 3
Let o(u) = u**3 + u**2 - u + 1. Let h(g) = 5*g**3 + 4*g**2 - 3*g - 41. Let v(j) = -h(j) + 4*o(j). Suppose -7*l = l. List the prime factors of v(l).
3, 5
Suppose 326 = 9*q + 56. List the prime factors of q.
2, 3, 5
Let l(h) = 1 + 8*h**2 + 0*h - 3*h**3 + 2*h**3 - h - 2*h. List the prime factors of l(3).
37
Let t be (-2)/(-14) + 87/(-21). Let m = t - -4. Suppose 4*f - 5*f + 4 = 4*h, 3*f - h - 51 = m. List the prime factors of f.
2
Let t = 14 - 9. Suppose 4*m = -3*f + 134, -4*m - 118 = -8*m + t*f. List the prime factors of (m/(-10))/((-5)/25).
2
Let a(q) = -4*q - 3. Let w be a(-2). Suppose 3*m - 2*m - 27 = -3*r, -w*r = -5*m + 235. List the prime factors of m.
2, 3, 7
Suppose -5*q = -r - 56, 38 = 2*q + q - 5*r. Suppose -q*n = -2*n - 1215. What are the prime factors of n?
3, 5
Let j = 1299 + 309. What are the prime factors of j?
2, 3, 67
What are the prime factors of ((-8229)/(-156))/(((-1)/40)/(-1))?
2, 5, 211
Let k = 790 - 563. Suppose -4*p + 25 = -k. What are the prime factors of p?
3, 7
Let j be (-135)/(-6)*(48/15 - 0). Suppose -3*m = -m - j. List the prime factors of m.
2, 3
Let a be (-174)/(-4) + (-9)/(-6). Suppose 0 = -0*m - 2*m - q - 21, 5*m + a = -5*q. Let k = m + 14. List the prime factors of k.
2
Suppose 2*v + 35 = 25. Let i = v + 64. List the prime factors of i.
59
Let t = -7 - -9. Suppose -32 = -h - 3*o, -o = -t*h + 3*h - 42. List the prime factors of h.
47
Let x = 3 - -8. Let z = x - 7. Suppose -3*j + 2*j + 4*p = -24, 0 = z*j - 4*p - 36. What are the prime factors of j?
2
Suppose 22 = 4*y - 6. Suppose y*h - 2*h - 405 = 0. List the prime factors of h.
3
What are the prime factors of (98/49)/((4/1281)/4)?
2, 3, 7, 61
Let j be (1*-2)/((-38)/57). Suppose 36 = b + j*b. List the prime factors of b/(-9) - 43/(-1).
2, 3, 7
Suppose 0 = 8*r - 3*r - 740. Suppose -5*s = 4*t + 17, -s = 3*t - 0*t - 1. Suppose 2*u = -u + 4*y + r, t*u + 4*y = 72. List the prime factors of u.
2, 11
Let w = -48 - -48. Suppose -102 + 9 = -4*t + h, w = -t - h + 17. List the prime factors of t.
2, 11
Suppose -27*f + 48608 + 13276 = 0. List the prime factors of f.
2, 3, 191
Let z(a) = a**2 - a + 8. Let m be z(-7). Let t be (-2)/(-3) + m/3. List the prime factors of (-6)/(-4) + 495/t.
2, 3
Suppose -2*f + 9 = -q, f + 4 = -2*q - 4. List the prime factors of 35*(12/(-21) + f).
2, 5
Let y(g) = -g**3 - 6*g**2 - 2*g - 4. Let x(z) = -z**2 - 5*z - 2. Let u be x(-3). Suppose v + u*v = -30. List the prime factors of y(v).
2
Suppose -23 = -4*o - 3. Suppose 111 = o*s - 4*s. List the prime factors of s.
3, 37
Suppose 0*j - 1210 = -5*j. Let f = 457 - j. What are the prime factors of f?
5, 43
Suppose -t = -2*n - 3*t + 78, 2*n - 74 = -4*t. List the prime factors of n/4*(7 - 3).
41
Let n(b) = -b**2 + 13*b - 10. Suppose -14 = -2*h - 5*o, 2*o - 38 = -4*h - 3*o. Let v be n(h). List the prime factors of v/6 - (-40)/6.
7
Suppose 2*k - 3 = 5. Suppose k*f = 3*f - 4. List the prime factors of (-306)/f*(-16)/(-24).
3, 17
Suppose 8*j - 6440 = 488. What are the prime factors of j?
2, 433
Let v(m) be the first derivative of -67*m**4/2 - 2*m**3/3 - 3*m**2/2 - 2*m - 2. What are the prime factors of v(-1)?
7, 19
Let c = 6283 + -3098. List the prime factors of c.
5, 7, 13
Let p(u) = 64*u - 554. What are the prime factors of p(17)?
2, 3, 89
Let m(r) = 64*r**2 - 19*r + 71. List the prime factors of m(4).
1019
Let a(s) = -76*s - 1004. List the prime factors of a(-64).
2, 5, 193
Suppose 3*y = -6*y + 6012. What are the prime factors of y?
2, 167
Let o = 115 - -576. Let g = o - 481. What are the prime factors of g?
2, 3, 5, 7
Suppose 2*p + 1 = -9, 3*w + 2*p = 5. Suppose k - 7*b = -2*b + 29, -w*b + 147 = 3*k. Let r = k + 1. What are the prime factors of r?
3, 5
Let v(i) = -i**3 - 12*i**2 - 7*i - 11. Let b be v(-15). Suppose 5*y + 104 = b. List the prime factors of y.
7, 19
Let j be ((-4)/(-14))/(1/7). Let y(a) = 2*a**2 - 4*a**2 + 20*a - 18*a + 2*a**3. What are the prime factors of y(j)?
2, 3
Let t(y) = 3*y - 31. Let a be t(11). Suppose a*w - 234 - 346 = 0. List the prime factors of w.
2, 5, 29
List the prime factors of (-3 - -257) + -12 + (4 - -2).
2, 31
Let i(s) = s**2 + 20*s + 42. Let o be i(-19). Suppose -2*b - b - 5*y = -47, -y - o = -